hat is the value of -4 - (-32 - (-11 - -2))?
19
Evaluate -24 + ((-16 - -11) + -4 - 1).
-34
Calculate (-18 - -16 - (2 + -4)) + 0 - -7.
7
(85 - 85) + (-10 - 1) - -14
3
Evaluate 16 + -14 + 28 + (-9 - 1) + -2.
18
Calculate -62 + (12 - (-19 + -6)).
-25
What is 1 + (0 - 6) + -7 + 9 + -3?
-6
What is -12 + -1 + (12 - (5 - 3 - -6))?
-9
What is 0 + 0 + 0 + (-10 - -15)?
5
Evaluate -10 + -8 + (28 - -11).
21
Evaluate 41 + -53 - ((-1 - 3) + 8 + 3).
-19
Calculate -15 + 22 + -20 + 23.
10
What is (-30 - -17 - -21) + -21?
-13
Evaluate (8 - -2) + (297 - 304).
3
Evaluate 12 + (-3 + -9 - 0).
0
Evaluate 40 + -65 - (3 + -4 + -2).
-22
What is -7 - (12 - (7 + 1)) - -6?
-5
What is 9 + 7 + -1 + 1 + -13 + 1?
4
What is (3 + 13 - 42) + 19?
-7
What is (5 - (0 + -3)) + (16 - 21)?
3
Evaluate -1 + 2 + (-1 - -29) + -124 + 110.
15
Calculate 4 + -7 + 0 - 9.
-12
What is (23 + -29 - -34) + -18?
10
21 - (19 - (-4 - -2))
0
Evaluate (9 - (-2 + 2)) + (23 - (-26 + 58)).
0
What is the value of 6 + -4 + 8 + -1 + -1?
8
Calculate -182 - -188 - (-1 - -7 - -2) - 3.
-5
Calculate -3 - (-9 + 15) - -14 - 2.
3
What is the value of 7 + -13 - (-5 + 12 + (-4 - -1))?
-10
Evaluate -16 - (20 + -32 - 0).
-4
(344 - 316) + -35 + -1
-8
Calculate -7 - 0 - ((12 - 18) + 1).
-2
Evaluate (7 - 2) + -4 + 20 - (23 + -15).
13
Calculate 74 + -50 + (-5 - -10) + -12.
17
What is the value of 69 + -87 - (38 - 22)?
-34
Calculate -29 + (8 - 18) + 2 + 6.
-31
Calculate 1 + -1 - (7 + -4) - (294 + -310).
13
What is 0 - -14 - 18 - -23?
19
What is 29 + -17 + 8 + -38?
-18
Calculate 6 + -12 - (-10 - 4).
8
Evaluate 4 - 17 - (18 + -14 - 35).
18
-14 - (-45 + (14 - 4))
21
Evaluate -40 + (-17 - -12 - -28) - (0 - -2).
-19
Evaluate (0 - 0) + -20 - (5 - (-24 - -36)).
-13
Evaluate 4 + 41 + (-64 - 17).
-36
Calculate (2 - 2 - 3) + 474 + -477.
-6
What is (7 - 8) + -28 + 30?
1
Evaluate -44 + 35 + 29 - 32.
-12
Evaluate -1 + (-8 - (7 + -10)) + -6.
-12
Calculate 13 + (-14 - (-18 - -8)) - 9.
0
What is the value of 13 + -6 + 19 + -10?
16
Calculate 10 + (1 - 6) + -9.
-4
(1 - 10) + (-184 - -196)
3
Evaluate -2 + (-2 - 0 - 2) - -7 - 7.
-6
Calculate -16 - (-27 + (13 - 0)).
-2
Evaluate 2 + 10 + 68 + -73.
7
What is the value of (-4 - -16) + (-31 - (1 + 6))?
-26
Calculate -2 + -3 + 0 + -1 + -2.
-8
-436 + 489 - (0 + 25)
28
(0 + 1 + 1 + -6 - 3) + -1
-8
Calculate 23 + 12 + -35 + 12.
12
-15 + 5 + 11 + 10
11
Evaluate (14 - (9 + -35)) + -46.
-6
Evaluate 0 - (-4 - (9 - 10)).
3
What is the value of (37 - (-49 - -55)) + (2 - 0)?
33
What is the value of 5 + 1 + -47 + 52?
11
Evaluate -10 - 0 - (-42 + 37 + -28).
23
16 + -2 + 3 - (-1 + 7)
11
What is 6 + (5 + 0 - (21 - 1))?
-9
What is the value of 6 - (10 + (-4 - -4))?
-4
(4 - -19 - 50) + 24
-3
What is the value of 2 + -7 - (37 - (14 + 5))?
-23
What is the value of -1 + 12 + -287 + 280 - -2?
6
(-16 - 3) + 9 + 14
4
-50 + 53 + 5 + 9
17
Calculate (-16 - -38 - 16) + -8.
-2
What is -5 + (-1 + 35 - 16)?
13
What is 16 + (-15 - 9) - -17?
9
Evaluate 6 + -1 + (20 - 47).
-22
Calculate 2 + 17 + (258 - 253).
24
Calculate -7 + 1 - (-4 - (-5 - -10) - -1).
2
Evaluate (-26 - -13) + -22 + 29.
-6
(9 - (7 + 8 + -1 - 6)) + -22
-21
What is (14 - (20 - 12)) + 10 + -3?
13
What is the value of 1 + 0 + 46 + -51 + -6?
-10
Evaluate -7 - (-450 + 456 + 7 + -1 + 0).
-19
Evaluate 0 - 15 - (140 + -152).
-3
Calculate (-2 - 7 - 22 - -5 - 7) + 6.
-27
-15 + (6 - (15 - 19))
-5
Calculate 12 - (-15 + 11 - -6).
10
(-275 - -260) + 4 + 0
-11
Calculate -11 + (21 - -24) + -50.
-16
What is the value of -12 + (13 + 0 - 7) - (-4 - 10)?
8
What is 21 + -37 - -33 - 5?
12
9 + (2 - (-9 + 1 + 18))
1
What is 12057 - 12065 - (-1 + 2 - 27)?
18
What is the value of -6 + (15 - 18) + 6?
-3
What is the value of -11 + (10 - 6) + 2 + 0?
-5
Calculate (-12 + -14 - -3) + 20.
-3
13 - (-29 + 0 + -246 + 259)
29
What is 14 + -9 + 6 + -9?
2
Evaluate (56 - 66) + (1 - 10) + 1 + 0.
-18
What is 14 - 15 - 1 - (1 + 1 - 15)?
11
-29 + 11 + -4 - -8
-14
Calculate -1 - -6 - (-335 - -327).
13
Calculate 5 + -15 - (-5 - (16 - 31)).
-20
29 + (-4 - 1) + -98 + 95 + 7
28
-25 + 15 - (0 + -5 - (20 - 23))
-8
What is the value of (0 - 17) + -34 + 44 + 4?
-3
Evaluate (-3 - -3) + -16 + 5.
-11
What is -6 + -2 + -5 + (-9 + 7 - -1)?
-14
Evaluate -20 + 15 + 26 + -25.
-4
What is the value of (1 + 11 - 5) + -5 - (1 + -6)?
7
1 + -9 - (-168 + 147)
13
What is 281 - 274 - (3 - 7 - -30)?
-19
What is the value of -2 + 7 + (-15 - (1 + -9)) + -6?
-8
(2 - -2) + (-4 - -3) + (1 - -4)
8
Calculate -7 - (-10 - (1 - 8)).
-4
Calculate -4 - -1 - (-8 + (20 - (0 - -16))).
1
What is -3 + -5 + (7 - (4 + 3) - 4)?
-12
Calculate 7 - (4 + -2) - (-5 + (-12 - -16)).
6
Evaluate 7 - ((27 - 1) + (7 - 18) + 10).
-18
Evaluate (-4 - 5) + 4 - ((-1 - -18) + -2).
-20
Calculate -15 + -3 + 35 + -31.
-14
Calculate 7 + -9 + -2 + -4 - (2 + 4).
-14
What is -39 + 10 + -1 + -17 + 17?
-30
-11 + 16 + 1 + 2 - (6 + 1)
1
Calculate -29 + 48 + (-3 - 12).
4
What is -3 - 5 - (-4 - 4)?
0
515 + -520 - (-1 - 12)
8
Calculate -11 - (31 + -13 - 37).
8
What is 31 + -96 - -45 - (-1 + -2 + -2)?
-15
Calculate (16 - 3 - (13 - 13)) + 6.
19
What is the value of 24 - (-61 - -32) - 32?
21
What is 6 + 33 - (23 + -1)?
17
Calculate 13 - (7 + -1 + -1 + -8).
16
What is the value of 6 + -2 + -31 + (-14 - -30)?
-11
2 + -2 - (-6 + (-2 - -9))
-1
Calculate (21 - (12 + 0)) + -18.
-9
Evaluate 10 + 41 + -59 + (-1 - -38).
29
What is -7 + (-116 - -114) + 1 + 11?
3
Calculate 21 + -1 - (398 - 367).
-11
What is -6 - (46 + -14) - -66?
28
What is the value of 16 - 32 - (-1 - (1 + 5) - -5)?
-14
91 + -95 - (10 + -1)
-13
What is 3 + -1 - -12 - 24?
-10
What is the value of 20 - (2 - (25 - 60))?
-17
Evaluate (0 - (0 + -11)) + 1450 + -1443.
18
Evaluate (9 - 3) + -13 + 24.
17
What is the value of 73 - 70 - (0 + (-2 - -3))?
2
Evaluate (4 - 1 - 0) + (-3 - -4) + -11.
-7
Evaluate -36 - (9 - (0 + (8 - -9))).
-28
What is the value of 20 + 6 + -17 + (33 - 36)?
6
Calculate (-15 - -13) + -1 + -3 - 11.
-17
Evaluate (4 - (4 - (3 - 5) - 5)) + -4.
-1
-8 + (-3 - (1 - 5)) - (9 - 2)
-14
What is the value of -6 - (-22 - (-16 + 5 + 3))?
8
Evaluate -12 + 5 + 2 - (2 - 8).
1
Evaluate -9 - (12 + 0 - (20 + -11)).
-12
What is (-10 - ((9 - 8) + -31)) + -7?
13
Evaluate -8 - (-4 - -2 - (-1 + -3)).
-10
3 + (1 - 8) - (13 + -16 + 14)
-15
What is the value of 7 + 7 + -7 + -13 + 2 + 14?
10
What is the value of -9 - (-8 + (1 - 1) + -5 + 5)?
-1
Calculate -8 + (-3 - 1 - (-41 + 19)).
10
Calculate 5 + 0 + -6 + (50 - 24).
25
Evaluate 12 + (-31 - ((-10 - -17) + 7)).
-33
What is -5 - (53 + -22 - 57)?
21
Calculate -2 - (-9 + 4 + 11).
-8
Calculate 75 - 74 - (-1 - 4) - -28.
34
Evaluate -4 - (-4 + 11 + -5 - 25).
19
Evaluate 1 + -9 + (10 - 7) + (2 - -4).
1
Evaluate -4 + 1 - (83 + -67) - -8.
-11
What is the value of -12 + (-7 - (-14 - 4))?
-1
(16 - (18 + 5 + -18)) + 1
12
What is 900 + -872 - (-2 - -27)?
3
What is the value of -14 - (-43 + (0 - (-2 - 10)))?
17
What is 9 + 13 + (1 - (13 + -6))?
16
Evaluate -9 - (4 + -3 + -2) - 2.
-10
What is 7 - (-1 - -4) - -30?
34
What is the value of -13 + (-13 - (-27 + 14))?
-13
Calculate ((-33 - -24) + 16 + -2 - -7) + -6.
6
What is the value of -13 + -4 + (6 - (12 - 12))?
-11
What is 2 + (-4 - -11) + -3 - 1?
5
What is the value of (41 + 0 - -1) + -2653 + 2636?
25
Calculate -729 + 701 + (4 - 2).
-26
What is the value of -16 + 0 + (12 - 19 - -7)?
-16
Evaluate 19 + 7 - (-183 - -220).
-11
-16 + (-5 - -1 - -28) + -37
-29
What is the value of (-73 - -72 - (-6 - 1)) + -27?
-21
What is the value of (1 - 6) + (-4 - 30) + 33?
-6
Calculate 2 + (-9 - 4) + -5 - -3 - 3.
-16
17 + -31 + 20 + 0
6
-12 + -4 + 10 - (-6 - -11)
-11
What is the value of -5 - (-4 + 5 - -23 - (-11 - -17))?
-23
3 + (-27 - -6) + 11 - (-24 + 3)
14
Evaluate 11 - (2 + (2 + 0 - 4) - -4).
7
What is the value of 14 + -8 + -10 - ((10 - 0) + -3)?
-11
What is the value of 32 + -16 - (4 - -2 - -44)?
-34
Evaluate -5 - (-1 - (-6 - -4)) - 1.
-7
Evaluate 10 + 0 + -1 + (46 - (100 + -60)).
15
Calculate 2 - (-6 - -5) - (6 - -9).
-12
Calculate 67 + -42 + (-37 - -22).
10
Calculate -5 - (1 + -15) - (14 + 18).
-23
What is (-3 - -5) + 44 + -11 + -19?
16
Calculate 4 - -16 - (89 - 69).
0
Calculate 15 + -2 - (11 + (-10 - -9)).
3
9 + 14 + -1 + 9 + -59
-28
What is (8 - 7) + (5 - -6) + -12?
0
Calculate 22 - 22 - -15 - -22.
37
7 + 1 + (-39 - -16) + 25
10
What is -4 + 0 - (-39 + -6 - -53)?